at is the greatest common divisor of y and 226?
2
Let m(q) = q**2 - 59*q + 294. Let z be m(54). What is the greatest common factor of z and 390?
6
Let z = 10045 + -9565. Calculate the highest common divisor of 9360 and z.
240
Suppose -2828*u + 2870*u - 15876 = 0. What is the highest common factor of 28 and u?
14
Let n(b) = -696*b**3 + 6*b**2 + 10*b + 4. Let l be n(-1). What is the highest common divisor of l and 40?
8
Let f(x) = 62*x + 29*x + 10*x + x + 18. Let y be f(-4). Let g = y - -620. Calculate the greatest common divisor of 46 and g.
46
Let w(f) = 9 - 2*f**2 + 7*f**2 + 68*f - 47*f - 33*f + f**3. Let c be w(-7). Let z be -15*c/((-25)/(-6)). Calculate the greatest common divisor of z and 18.
18
Let w be (-48)/(-3)*6/(-5)*5440/(-192). What is the greatest common factor of 1020 and w?
68
Let f = -1389 + 2094. Let w = f + -657. Calculate the greatest common divisor of w and 60.
12
Let g = -2 + 5. Let n be g + (-10)/5 - -7. Suppose 0 = -6*d + n - 2. What is the greatest common divisor of 11 and d?
1
Suppose 0 = -3*p + 2*p - 3*q - 41, 4*p = -3*q - 191. Let k = -36408 - -36386. Let h = k - p. What is the highest common divisor of 112 and h?
28
Let p(v) = -v**3 + 37*v**2 - 30*v - 9. Let b be p(36). Let h(y) = -y**2 + 12*y + 3. Let g be h(10). Calculate the highest common factor of b and g.
23
Let h be (-84)/(-39) - ((-12)/(-39))/2. Suppose 3*a - 3*i = 15, 8 = -3*a - h*i + 13. Calculate the highest common factor of 4 and a.
1
Let d(v) = -v**3 - 18*v**2 + 18*v - 10. Let r be d(-19). Suppose r*q = -2*q + 561. Let a = 454 + -451. What is the greatest common divisor of q and a?
3
Suppose 0 = 2*x + 4*w - 502, -x + 5*w + 255 = 6*w. Calculate the greatest common factor of x and 407.
37
Let x be 2*(-5)/((-5)/(-2)). Let m be (-124)/(-28) + x - 1818/(-21). Calculate the greatest common factor of 203 and m.
29
Let d(f) be the third derivative of 1/60*f**6 + 0*f + 2/3*f**3 + f**2 + 0 + 3/8*f**4 - 7/60*f**5. Let i be d(4). What is the greatest common factor of i and 7?
7
Let o(u) = 90*u. Let l be o(4). Suppose m - 40 = -5*z, -10*m + 13*m - 3*z - 138 = 0. What is the greatest common divisor of l and m?
45
Let q be (36/(-72))/((-2)/12). Suppose 3663 = 5*j + 3*x, q*j + 0*j - 4*x - 2192 = 0. What is the greatest common divisor of j and 61?
61
Let j be (110/(-4))/(5/(-10)). Suppose -i - 4*i = -j. Suppose -32*o + 143 = -209. Calculate the highest common factor of o and i.
11
Suppose -2*d + 2888*r + 52 = 2886*r, 2*d - 64 = 5*r. Suppose 0*q - 3*q + 15 = 0. Suppose 3*c = q*c - 66. What is the greatest common divisor of c and d?
11
Let h = -3905 - -4966. What is the highest common divisor of 1 and h?
1
Let h be ((-8)/(-24))/((-6)/18)*-29. What is the highest common factor of h and 21257?
29
Let t(m) = -m**2 - 18*m + 29. Let u be t(-11). Suppose -4*v - u = -242. Calculate the greatest common divisor of 34 and v.
34
Let m be ((-32)/(-6)*27/(-12))/2 + 10. What is the greatest common factor of 148 and m?
4
Suppose -3*f = 3*a - 87, 34*f + 154 = 39*f - 4*a. Suppose l + 82 = -3*y, 0 = -0*l + 5*l + 20. Let q = f + y. What is the greatest common divisor of q and 4?
4
Suppose 64*t + 2071 = 4183. What is the highest common divisor of t and 8371?
11
Let f be (-3264)/(-108) + 1/3*(-34)/51. Calculate the greatest common divisor of f and 548.
2
Let s = -31 - -33. Let a(j) = 4 + 2 - 9*j**s + 13*j**2. Let q be a(3). Calculate the greatest common divisor of q and 6.
6
Let b(s) = -s**2 + 27*s + 63. Let k be b(28). Suppose -j - 4*c + 9 = -8, -4*j = 5*c - k. Calculate the greatest common divisor of j and 35.
5
Let y be (-976)/(-366) + 62/6. What is the greatest common divisor of y and 1079?
13
Let h = 85 + -146. Let l = -118 - h. Let k = 101 + l. Calculate the greatest common factor of 220 and k.
44
Suppose 128 = 2*s - 114. Let a be 22/44*(-1*2 + 4). Let w be 22*(2/3 - a/6). What is the greatest common factor of s and w?
11
Let n be 403/5 - 18/(-45). Let b(t) = -t - 34 + 2*t + 6*t**2 + 19 + t**3 - 5*t. Let j be b(-6). What is the greatest common divisor of n and j?
9
Suppose g = 4*o - 3*o, -3*g - 3 = 0. Let y be ((-98)/(-3))/(o*1/(-6)). Calculate the highest common factor of 28 and y.
28
Let g = -76 - -76. Suppose g = 3*t + 2*t - 35. Let k = -7 + 14. What is the highest common divisor of k and t?
7
Let c = -93 - -80. Let p = -13 - c. Suppose p = -b + 5*b - 3*k - 364, -360 = -4*b + 2*k. Calculate the highest common factor of b and 11.
11
Let j be ((-114)/38)/(-1*(2 + -1)). Suppose -12*b = -j - 81. Suppose -13*s + 386 = -69. What is the highest common divisor of s and b?
7
Suppose 28 + 47 = 5*f. Suppose 5 = 5*i - f. Suppose 3*y - 5*b = 69, 4*y - 9*y + 102 = -i*b. What is the greatest common factor of 162 and y?
18
Let r = 4 - -9. Let q(n) = 209*n + 2. Let v be q(1). Let o = v - r. What is the highest common divisor of o and 18?
18
Let j = 134 - 107. Suppose -83 + 95 = 3*b. Suppose b*c - 18 = -6. Calculate the greatest common factor of c and j.
3
Suppose -2*f = -38 + 150. Let u = 25 - f. Calculate the highest common divisor of 27 and u.
27
Suppose 12*i = -3*o + 8*i + 15, o - 5 = 4*i. Let x be ((-140)/42)/(o/(-12)). Let b be 1 + -3 + (43 - 1). Calculate the highest common factor of x and b.
8
Suppose -180 = -15*n + 13*n. Let s = n - 152. Let a = -27 - s. Calculate the greatest common factor of a and 175.
35
Let t(p) = 4*p**2 - 11*p - 9. Let s be t(-7). Let y(d) = 101*d - 255. Let m be y(3). What is the greatest common factor of m and s?
24
Let l be -5 - (-2 + (-4 - -13)). Let y(c) = -c**2 - 13*c - 14. Let q be y(l). Let f(k) = -k + 1. Let w be f(q). Calculate the highest common factor of w and 39.
3
Let z = 1 - -12. Suppose -2 = -2*u - 2*h, u - 3*u - z = 5*h. Calculate the highest common divisor of 24 and u.
6
Let k(h) = h**3 + 24*h**2 - h - 5. Let y(b) = -b**2 + 23*b + 26. Let w be y(25). Let l be k(w). What is the highest common divisor of l and 152?
19
Let o(i) = 37*i - 1960. Let j be o(61). Calculate the highest common divisor of 6402 and j.
33
Suppose 0 = 12*p - p + 1551. Let a = p + 145. Suppose -16*x + a*x + 408 = 0. What is the highest common divisor of x and 34?
34
Suppose 14*a + 7*a = -210. Let j be (-34)/1*(1 + 15/a). Calculate the highest common divisor of j and 2.
1
Suppose 2*p - 4 - 46 = -4*h, -4*h + 51 = 3*p. Suppose 0 = 67*q - 2944 - 1076. Calculate the highest common divisor of h and q.
12
Suppose c = 0, -4*c - 1912 = 2*r - 14968. Calculate the greatest common divisor of 102 and r.
102
Let x be ((-4)/(-10))/((-7)/(-1505)). Let f = 154 - x. Let q be 30/21*(-168)/(-60). Calculate the greatest common divisor of q and f.
4
Let q(c) = 12*c + 324. Let h be q(-23). Calculate the highest common factor of 976 and h.
16
Suppose -3*o - 36*o + 31746 = 0. Suppose o*t - 815*t = -204. What is the highest common divisor of t and 12?
12
Suppose -8*y = 9*y - 1074 - 3329. Calculate the greatest common divisor of 119 and y.
7
Suppose -5*n + 76 = u, 0 = -2*n + 181*u - 176*u + 52. Calculate the greatest common factor of n and 1788.
4
Suppose 0 = 331*u - 340*u + 27. Suppose u*r + 78 = 3*c, -c + 5*r = 7*r - 29. Calculate the highest common divisor of c and 891.
27
Let p(r) = -479*r + 13933. Let k be p(29). Calculate the greatest common factor of 2562 and k.
42
Let h = -58 - -53. Let q be 114/2 - (h - -6) - 1. What is the greatest common factor of 220 and q?
55
Suppose -5*q - 2*j = -3795, -267*j = -4*q - 264*j + 3036. What is the highest common factor of 276 and q?
69
Let n be 4 + (-1 + -1)*1. Suppose -2*v = n*d - 6*v - 54, -4*v = 5*d - 135. Calculate the highest common divisor of d and 216.
27
Suppose i = 4*p + 5, -2*p - 2*i + 10 = -5*p. Suppose -3*h = -5*u - 216, p = 5*u - 3*u - 6. Calculate the highest common factor of 385 and h.
77
Let o = -2420 - -2434. Let d(b) = b - 8. Let i be d(5). Let u be 4/(i - (-46)/14). What is the greatest common divisor of u and o?
14
Let r = 305 + -300. Let m be 7006/155 + (-1)/5. What is the highest common divisor of m and r?
5
Let c = -35434 + 37030. What is the highest common factor of 2100 and c?
84
Suppose -60 = b + b. Let u = b - -33. Suppose u*d - 85 = 5*x, -2*d - 5*x = -0*x - 65. What is the greatest common factor of 120 and d?
30
Let t be 624/273 - ((-2)/(-7) - 0). Let w(r) = 0*r**3 + 5 - r**3 - 29*r - 13 + r**t + 28*r. Let q be w(-5). What is the greate